{"id":52,"date":"2024-01-09T17:19:03","date_gmt":"2024-01-09T17:19:03","guid":{"rendered":"https:\/\/hazards.ase.ro\/?page_id=52"},"modified":"2025-10-28T18:07:25","modified_gmt":"2025-10-28T18:07:25","slug":"publications","status":"publish","type":"page","link":"https:\/\/hazards.ase.ro\/?page_id=52","title":{"rendered":"Publications"},"content":{"rendered":"\n<p><\/p>\n\n\n\n<p class=\"has-x-large-font-size\"><strong>Period: April-June 2025<\/strong><\/p>\n\n\n\n<p class=\"has-large-font-size\"><strong>Ethnic Diversity in Romania. A 20th and 21st Centuries Censuses\u2019 Data Analysis<\/strong><\/p>\n\n\n\n<p><strong>Authors<\/strong>: Marius GIUCLEA, Daniel TEODORESCU, Andreea MIRIC\u0102, Andrei P\u00c2RVAN, Ruxandra NOICA, Agnos Millian HER\u021aELIU<\/p>\n\n\n\n<p><strong>Journal<\/strong>: Economic Computation and Economic Cybernetics Studies and Research<\/p>\n\n\n\n<p><strong>URL<\/strong>: <a href=\"https:\/\/ecocyb.ase.ro\/nr2025_2\/2_MariusGiuclea_DanielTeodorescu.pdf\u00a0 DOI: 10.24818\/18423264\/59.2.25.02\">https:\/\/ecocyb.ase.ro\/nr2025_2\/2_MariusGiuclea_DanielTeodorescu.pdf  DOI: 10.24818\/18423264\/59.2.25.02<\/a><\/p>\n\n\n\n<p><strong>JCR quartile<\/strong>: Q3<\/p>\n\n\n\n<hr class=\"wp-block-separator has-alpha-channel-opacity\" style=\"margin-top:var(--wp--preset--spacing--large);margin-bottom:var(--wp--preset--spacing--large)\"\/>\n\n\n\n<p class=\"has-x-large-font-size\"><strong>Period: January-March 2025<\/strong><\/p>\n\n\n\n<p class=\"has-large-font-size\"><strong>Multiple Sustainability Criteria Mapping of Gas Station Incident Consequences and Subsequent Decision Optimisation<\/strong><\/p>\n\n\n\n<p><strong>Authors<\/strong>: DF Jones, O Ivanov, O Arsirii, P Crook, L. Kanada, A Labib, RM Teeuw, S.Smyk<\/p>\n\n\n\n<p><strong>Journal<\/strong>: European Journal of Operational Research (EJOR)<\/p>\n\n\n\n<p><strong>URL<\/strong>: <a href=\"https:\/\/doi.org\/10.1016\/j.ejor.2025.04.026\">https:\/\/doi.org\/10.1016\/j.ejor.2025.04.026<\/a><\/p>\n\n\n\n<p><strong>JCR quartile<\/strong>: Q1<\/p>\n\n\n\n<hr class=\"wp-block-separator has-alpha-channel-opacity\"\/>\n\n\n\n<p class=\"has-large-font-size\"><strong>A hybrid model for designers to learn from failures: A case of a high potential fire incident at an underground hard rock mine<\/strong><\/p>\n\n\n\n<p><strong>Authors<\/strong>: Tafadzwa Gotora; Ashraf Wasfi Labib<\/p>\n\n\n\n<p><strong>Journal<\/strong>: Journal of Applied Sciences<\/p>\n\n\n\n<p><strong>URL<\/strong>: <a href=\"https:\/\/doi.org\/10.3390\/app15084577\">https:\/\/doi.org\/10.3390\/app15084577<\/a><\/p>\n\n\n\n<p><strong>JCR quartile<\/strong>: BDI<\/p>\n\n\n\n<hr class=\"wp-block-separator has-alpha-channel-opacity\"\/>\n\n\n\n<p class=\"has-large-font-size\"><strong>Optimized Resilience Measures for Supply Chain using Portfolio Selection<\/strong><\/p>\n\n\n\n<p><strong>Authors<\/strong>: Risto Talas, Ashraf Labib, Gurjeet Dhesi<\/p>\n\n\n\n<p><strong>Journal<\/strong>: Soft Computing<\/p>\n\n\n\n<p><strong>URL<\/strong>: <a href=\"https:\/\/link.springer.com\/article\/10.1007\/s00500-025-10561-8\">https:\/\/link.springer.com\/article\/10.1007\/s00500-025-10561-8<\/a><\/p>\n\n\n\n<p><strong>JCR quartile<\/strong>: Q3<\/p>\n\n\n\n<hr class=\"wp-block-separator has-alpha-channel-opacity\"\/>\n\n\n\n<p class=\"has-large-font-size\"><strong>Characterization and Modelling of Potential Seaborne Disasters, in the ANA Region<\/strong><\/p>\n\n\n\n<p><strong>Authors<\/strong>: Ashraf Wasfi Labib, Dylan Jones, Natalia Andreassen, Rune Elveg\u00e5rd, Mikel Dominguez Cainzos<\/p>\n\n\n\n<p><strong>Journal<\/strong>: Journal of Applied Sciences<\/p>\n\n\n\n<p><strong>URL<\/strong>: <a href=\"https:\/\/doi.org\/10.3390\/app15020782\">https:\/\/doi.org\/10.3390\/app15020782<\/a><\/p>\n\n\n\n<p><strong>JCR quartile<\/strong>: BDI<\/p>\n\n\n\n<hr class=\"wp-block-separator has-alpha-channel-opacity\"\/>\n\n\n\n<p class=\"has-large-font-size\"><strong>An Approach to the Total Least Squares Method for Symmetric Triangular Fuzzy Numbers<\/strong><\/p>\n\n\n\n<p><strong>Authors<\/strong>: Marius Giuclea, Costin Ciprian Popescu<\/p>\n\n\n\n<p><strong>Journal<\/strong>: Mathematics<\/p>\n\n\n\n<p><strong>URL<\/strong>: <a href=\"https:\/\/doi.org\/10.3390\/app15020782\"><\/a><a href=\"https:\/\/doi.org\/10.3390\/math13081224\">Mathematics 2025, 13(8), 1224;<\/a> <a href=\"https:\/\/doi.org\/10.3390\/math13081224\">https:\/\/doi.org\/10.3390\/math13081224<\/a><\/p>\n\n\n\n<p><strong>JCR quartile<\/strong>: Q1<\/p>\n\n\n\n<hr class=\"wp-block-separator has-alpha-channel-opacity\"\/>\n\n\n\n<p class=\"has-large-font-size\"><strong>A New e-commerce Model for Free-riding Behavior in Decentralized Supply Chains<\/strong><\/p>\n\n\n\n<p><strong>Authors<\/strong>: Andreea MARIN-PANTELESCU, Alina CONSTANTINESCU, Mihai Daniel ROMAN, Adela SOCOL , Lidija KRAUJALIEN\u0116<\/p>\n\n\n\n<p><strong>Journal<\/strong>: Journal of Business Economics and Management<\/p>\n\n\n\n<p><strong>URL: <\/strong><a href=\"https:\/\/doi.org\/10.3846\/jbem.2025.23778\">https:\/\/doi.org\/10.3846\/jbem.2025.23778<\/a><\/p>\n\n\n\n<p><strong>JCR quartile<\/strong>: Q1<\/p>\n\n\n\n<hr class=\"wp-block-separator has-alpha-channel-opacity\"\/>\n\n\n\n<p class=\"has-large-font-size\"><strong>Design and Development of an Arctic Maritime Safety Risk Index<\/strong><\/p>\n\n\n\n<p style=\"margin-right:0;margin-left:0\"><strong>Authors<\/strong>: Aristeidis Karalis, Kevin Willis, Asrul Ismail, Dylan Jones, Dave Morris, Isto Mattila, Pontus Svenson, Ashraf Labib<\/p>\n\n\n\n<p><strong>Journal<\/strong>: Applied Ocean Research<\/p>\n\n\n\n<p><strong>URL: <\/strong><a href=\"http:\/\/dx.doi.org\/10.2139\/ssrn.5011200\">http:\/\/dx.doi.org\/10.2139\/ssrn.5011200<\/a><\/p>\n\n\n\n<p><strong>JCR quartile<\/strong>: BDI<\/p>\n\n\n\n<hr class=\"wp-block-separator has-alpha-channel-opacity\"\/>\n\n\n\n<p class=\"has-large-font-size\"><strong>Spurious Learning and Bouncing Back: Resilience and Simulation Modelling Applied to the Covid-19 Pandemic<\/strong><\/p>\n\n\n\n<p><strong>Authors<\/strong>: Ashraf Labib<\/p>\n\n\n\n<p><strong>Journal<\/strong>: Resilient Cities and Structures<\/p>\n\n\n\n<p><strong>URL:<\/strong> <a href=\"https:\/\/doi.org\/10.1016\/j.rcns.2025.06.002\">https:\/\/doi.org\/10.1016\/j.rcns.2025.06.002<\/a><\/p>\n\n\n\n<p><strong>JCR quartile<\/strong>: BDI<\/p>\n\n\n\n<hr class=\"wp-block-separator has-alpha-channel-opacity\" style=\"margin-top:var(--wp--preset--spacing--large);margin-bottom:var(--wp--preset--spacing--large)\"\/>\n\n\n\n<p class=\"has-x-large-font-size\"><strong>Period: October-December 2024<\/strong><\/p>\n\n\n\n<p class=\"has-large-font-size\"><strong>Optimized Resilience Measures for Supply Chain using Portfolio Selection<\/strong><\/p>\n\n\n\n<p><strong>Authors<\/strong>: Risto Talas, Ashraf Labib, Gurjeet Dhesi<\/p>\n\n\n\n<p><strong>Journal<\/strong>: Soft Computing<\/p>\n\n\n\n<p><strong>URL<\/strong>: <a href=\"https:\/\/link.springer.com\/article\/10.1007\/s00500-025-10561-8\">https:\/\/link.springer.com\/article\/10.1007\/s00500-025-10561-8<\/a><\/p>\n\n\n\n<p><strong>JCR quartile<\/strong>: Q3<\/p>\n\n\n\n<hr class=\"wp-block-separator has-alpha-channel-opacity\"\/>\n\n\n\n<p class=\"has-large-font-size\"><strong>Characterization and Modelling of Potential Seaborne Disasters, in the ANA Region<\/strong><\/p>\n\n\n\n<p><strong>Authors<\/strong>: Ashraf Wasfi Labib, Dylan Jones, Natalia Andreassen, Rune Elveg\u00e5rd, Mikel Dominguez Cainzos<\/p>\n\n\n\n<p><strong>Journal<\/strong>: Applied Sciences<\/p>\n\n\n\n<p><strong>URL<\/strong>: <a href=\"https:\/\/doi.org\/10.3390\/app15020782\">https:\/\/doi.org\/10.3390\/app15020782<\/a><\/p>\n\n\n\n<p><strong>JCR quartile<\/strong>: BDI<\/p>\n\n\n\n<hr class=\"wp-block-separator has-alpha-channel-opacity\"\/>\n\n\n\n<p class=\"has-large-font-size\"><strong>Learning from Failure by Using A Hybrid Model Technique: The Suez Canal Incident<\/strong><\/p>\n\n\n\n<p><strong>Authors<\/strong>: Trackeisha Davis, Ashraf Labib, Azzam Saati , Akilu Yunusa-Kaltungo, Claudiu Herteliu<\/p>\n\n\n\n<p><strong>Journal<\/strong>: Journal of Navigation<\/p>\n\n\n\n<p><strong>URL<\/strong>: <a href=\"http:\/\/dx.doi.org\/10.2139\/ssrn.4481786\">http:\/\/dx.doi.org\/10.2139\/ssrn.4481786<\/a><\/p>\n\n\n\n<p><strong>JCR quartile<\/strong>: Q2<\/p>\n\n\n\n<hr class=\"wp-block-separator has-alpha-channel-opacity\" style=\"margin-top:var(--wp--preset--spacing--large);margin-bottom:var(--wp--preset--spacing--large)\"\/>\n\n\n\n<p class=\"has-x-large-font-size\"><strong>Period: July-September 2024<\/strong><\/p>\n\n\n\n<p class=\"has-large-font-size\"><strong>Consumption Expenditures on Food, Non-food Products and Services in Romania<\/strong><\/p>\n\n\n\n<p><strong>Authors<\/strong>: Andrei Tudorel, Bourbonnais R\u00e9gis , Miric\u0103 Andreea<\/p>\n\n\n\n<p><strong>Journal<\/strong>: Prague Economic Papers<\/p>\n\n\n\n<p><strong>URL<\/strong>: <a href=\"https:\/\/doi.org\/10.18267\/j.pep.874\">https:\/\/doi.org\/10.18267\/j.pep.874<\/a><\/p>\n\n\n\n<p><strong>JCR quartile<\/strong>: Q3<\/p>\n\n\n\n<hr class=\"wp-block-separator has-alpha-channel-opacity\" style=\"margin-top:var(--wp--preset--spacing--large);margin-bottom:var(--wp--preset--spacing--large)\"\/>\n\n\n\n<p class=\"has-x-large-font-size\"><strong>Period: April-June 2024<\/strong><\/p>\n\n\n\n<p class=\"has-large-font-size\"><strong>Global burden of 288 causes of death and life expectancy decomposition in 204 countries and territories and 811 subnational locations, 1990\u20132021: a systematic analysis for the Global Burden of Disease Study 2021<\/strong><\/p>\n\n\n\n<p><strong>Authors<\/strong>: M Naghavi, KL Ong, A Aali, HS Ababneh, YH Abate, C Abbafati et al<\/p>\n\n\n\n<p><strong>Journal<\/strong>: Lancet<\/p>\n\n\n\n<p><strong>URL<\/strong>: <a href=\"https:\/\/doi.org\/10.1016\/S0140-6736(24)00367-2\">https:\/\/doi.org\/10.1016\/S0140-6736(24)00367-2<\/a><\/p>\n\n\n\n<p><strong>JCR quartile<\/strong>: Q1<\/p>\n\n\n\n<hr class=\"wp-block-separator has-alpha-channel-opacity\"\/>\n\n\n\n<p class=\"has-large-font-size\"><strong>Developing dynamic supply chain resilience capabilities: a study of Irish firms&#8217; response to the COVID-19 pandemic<\/strong><\/p>\n\n\n\n<p><strong>Authors<\/strong>: Ali, A., Labib, A., Afonso, P. S. L. P., Mahfouz, A.<\/p>\n\n\n\n<p><strong>Journal<\/strong>: Production<\/p>\n\n\n\n<p><strong>URL<\/strong>: <a href=\"https:\/\/doi.org\/10.1590\/0103-6513.20230076\">https:\/\/doi.org\/10.1590\/0103-6513.20230076<\/a><\/p>\n\n\n\n<p><strong>JCR quartile<\/strong>: BDI<\/p>\n\n\n\n<hr class=\"wp-block-separator has-alpha-channel-opacity\"\/>\n\n\n\n<p class=\"has-large-font-size\"><strong>Regional Specialisation and Sectoral Concentration in Romania on Local Administrative Units Level (LAU)<\/strong><\/p>\n\n\n\n<p><strong>Authors<\/strong>: B\u0102RBULESCU, A., FURTUN\u0102, .F., D\u00c2RDAL\u0102, M., IONI\u021a\u0102, C.,\u021aIBREA H.<\/p>\n\n\n\n<p><strong>Journal<\/strong>: Economic Computation and Economic Cybernetics Studies and Research<\/p>\n\n\n\n<p><strong>URL<\/strong>: <a href=\"https:\/\/doi.org\/10.24818\/18423264\/58.2.24.01\">https:\/\/doi.org\/10.24818\/18423264\/58.2.24.01<\/a><\/p>\n\n\n\n<p><strong>JCR quartile<\/strong>: Q4<\/p>\n\n\n\n<hr class=\"wp-block-separator has-alpha-channel-opacity\"\/>\n\n\n\n<p class=\"has-large-font-size\"><strong>Optimized resilience measures for supply chain using portfolio selection<\/strong><\/p>\n\n\n\n<p><strong>Authors<\/strong>: Risto Talas, Ashraf Labib, Gurjeet Dhesi<\/p>\n\n\n\n<p><strong>Journal<\/strong>: Soft Computing<\/p>\n\n\n\n<p><strong>URL<\/strong>: <a href=\"https:\/\/link.springer.com\/article\/10.1007\/s00500-025-10561-8\">https:\/\/link.springer.com\/article\/10.1007\/s00500-025-10561-8<\/a><\/p>\n\n\n\n<p><strong>JCR quartile<\/strong>: Q3<\/p>\n\n\n\n<hr class=\"wp-block-separator has-alpha-channel-opacity\" style=\"margin-top:var(--wp--preset--spacing--large);margin-bottom:var(--wp--preset--spacing--large)\"\/>\n\n\n\n<p class=\"has-x-large-font-size\"><strong>Period: January-March 2024<\/strong><\/p>\n\n\n\n<p class=\"has-large-font-size\"><strong>Estimating relative importance of criteria by post-processing dominance-based rough set approach\u2019s outputs<\/strong><\/p>\n\n\n\n<p><strong>Authors<\/strong>: Atteya, T.E.M., Chakhar, S., Labib, A., Cox, A. &amp; Ishizaka, A.<\/p>\n\n\n\n<p><strong>Journal<\/strong>: European Journal of Operational Research<\/p>\n\n\n\n<p><strong>URL<\/strong>: <a href=\"https:\/\/doi.org\/10.1016\/j.ejor.2023.12.027\">https:\/\/doi.org\/10.1016\/j.ejor.2023.12.027<\/a><\/p>\n\n\n\n<p><strong>JCR quartile<\/strong>: Q1<\/p>\n\n\n\n<hr class=\"wp-block-separator has-alpha-channel-opacity\"\/>\n\n\n\n<p class=\"has-large-font-size\"><strong>The Burden of Type 1 and Type 2 Diabetes Among Adolescents and Young Adults in 24 Western European Countries, 1990\u20132019: Results From the Global Burden of Disease Study 2019<\/strong><\/p>\n\n\n\n<p><strong>Authors<\/strong>: Armocida, B., Monasta, L., Sawyer, S. M., Bustreo, F., Onder, G., Castelpietra, G., Beran, D. et al<\/p>\n\n\n\n<p><strong>Journal<\/strong>: International Journal of Public Health<\/p>\n\n\n\n<p><strong>URL<\/strong>: <a href=\"https:\/\/doi.org\/10.3389\/ijph.2023.1606491\">https:\/\/doi.org\/10.3389\/ijph.2023.1606491<\/a><\/p>\n\n\n\n<p><strong>JCR quartile<\/strong>: Q2<\/p>\n\n\n\n<hr class=\"wp-block-separator has-alpha-channel-opacity\"\/>\n\n\n\n<p class=\"has-large-font-size\"><strong>No Harm in Learning \u2013 A Balanced High Reliability Organisation (HRO) Approach in Healthcare<\/strong><\/p>\n\n\n\n<p><strong>Authors<\/strong>: Caroline Mitchell, Darren Van Laar, Caroline Strevens, Ashraf Labib<\/p>\n\n\n\n<p><strong>Journal<\/strong>: Journal of Social and Economic Statistics<\/p>\n\n\n\n<p><strong>URL<\/strong>: <a href=\"https:\/\/doi.org\/10.2478\/jses-2023-0006\">https:\/\/doi.org\/10.2478\/jses-2023-0006<\/a><\/p>\n\n\n\n<p><strong>JCR quartile<\/strong>: BDI<\/p>\n\n\n\n<hr class=\"wp-block-separator has-alpha-channel-opacity\"\/>\n\n\n\n<p class=\"has-large-font-size\"><strong>Global fertility in 204 countries and territories, 1950\u20132021, with forecasts to 2100: a comprehensive demographic analysis for the Global Burden of Disease Study 2021<\/strong><\/p>\n\n\n\n<p><strong>Authors<\/strong>: NV Bhattacharjee, AE Schumacher, A Aali, YH Abate, R Abbasgholizadeh et al<\/p>\n\n\n\n<p><strong>Journal<\/strong>: Lancet<\/p>\n\n\n\n<p><strong>URL<\/strong>: <a href=\"https:\/\/doi.org\/10.1016\/ S0140-6736(24)00550-6\">https:\/\/doi.org\/10.1016\/ S0140-6736(24)00550-6<\/a><\/p>\n\n\n\n<p><strong>JCR quartile<\/strong>: Q1<\/p>\n\n\n\n<hr class=\"wp-block-separator has-alpha-channel-opacity\"\/>\n\n\n\n<p class=\"has-large-font-size\"><strong>Global age-sex-specific mortality, life expectancy, and population estimates in 204 countries and territories and 811 subnational locations, 1950\u20132021, and the impact of the COVID-19 pandemic: a comprehensive demographic analysis for the Global Burden of Disease Study 2021<\/strong><\/p>\n\n\n\n<p><strong>Authors<\/strong>: AE Schumacher, HH Kyu, A Aali, C Abbafati, J Abbas et al<\/p>\n\n\n\n<p><strong>Journal<\/strong>: Lancet<\/p>\n\n\n\n<p><strong>URL<\/strong>: <a href=\"https:\/\/doi.org\/10.1016\/S0140-6736(24)00476-8\">https:\/\/doi.org\/10.1016\/S0140-6736(24)00476-8<\/a><\/p>\n\n\n\n<p><strong>JCR quartile<\/strong>: Q1<\/p>\n\n\n\n<hr class=\"wp-block-separator has-alpha-channel-opacity\"\/>\n\n\n\n<p class=\"has-large-font-size\"><strong>Machine Learning for concrete sustainability improvement: Smart Fleet Management<\/strong><\/p>\n\n\n\n<p><strong>Authors<\/strong>: Coralia Tanasuica (Zotic), Mihai Daniel Roman<\/p>\n\n\n\n<p><strong>Journal<\/strong>: Eastern European Journal of Regional Studies<\/p>\n\n\n\n<p><strong>URL<\/strong>: <a href=\"https:\/\/doi.org\/10.53486\/2537-6179.10-1.05\">https:\/\/doi.org\/10.53486\/2537-6179.10-1.05<\/a><\/p>\n\n\n\n<p><strong>JCR quartile<\/strong>: BDI<\/p>\n\n\n\n<hr class=\"wp-block-separator has-alpha-channel-opacity\"\/>\n\n\n\n<p class=\"has-large-font-size\"><strong>A Quantitative Analysis of Default Risk Using Machine Learning and SHAP Value Interpretation<\/strong><\/p>\n\n\n\n<p><strong>Authors<\/strong>: Coralia Tanasuica (Zotic)<\/p>\n\n\n\n<p><strong>Journal<\/strong>: Proceedings of the ICBE 2024 Conference<\/p>\n\n\n\n<p><strong>URL<\/strong>: <a href=\"http:\/\/doi.org\/10.2478\/picbe-2024-0020\">http:\/\/doi.org\/10.2478\/picbe-2024-0020<\/a><\/p>\n\n\n\n<p><strong>JCR quartile<\/strong>: WOS indexed<\/p>\n\n\n\n<hr class=\"wp-block-separator has-alpha-channel-opacity\" style=\"margin-top:var(--wp--preset--spacing--large);margin-bottom:var(--wp--preset--spacing--large)\"\/>\n\n\n\n<p class=\"has-x-large-font-size\"><strong>Period: October-December 2023<\/strong><\/p>\n\n\n\n<p class=\"has-large-font-size\"><strong>Testing Benford and Universal laws on Gambling &amp; Betting Data in Romania<\/strong><\/p>\n\n\n\n<p><strong>Authors<\/strong>: Jianu, I., Isaic-Maniu, A., Brandas, C., Cristescu, M.P., Bente, C. and Herteliu, C.<\/p>\n\n\n\n<p><strong>Journal<\/strong>: Annals of Operations Research<\/p>\n\n\n\n<p><strong>URL<\/strong>: <a href=\"https:\/\/doi.org\/10.1007\/s10479-023-05739-y\">https:\/\/doi.org\/10.1007\/s10479-023-05739-y<\/a><\/p>\n\n\n\n<p><strong>JCR quartile<\/strong>: Q1<\/p>\n\n\n\n<hr class=\"wp-block-separator has-alpha-channel-opacity\"\/>\n\n\n\n<p class=\"has-large-font-size\"><strong>Forecasting EUA Futures Volatility with Geopolitical Risk: Evidence from GARCH-MIDAS Models<\/strong><\/p>\n\n\n\n<p><strong>Authors<\/strong>: Lu, H., Gao, Q., Xiao, L., Dhesi, G.<\/p>\n\n\n\n<p><strong>Journal<\/strong>: Review of Managerial Science<\/p>\n\n\n\n<p><strong>URL<\/strong>: <a href=\"https:\/\/doi.org\/10.1007\/s11846-023-00722-0\">https:\/\/doi.org\/10.1007\/s11846-023-00722-0<\/a><\/p>\n\n\n\n<p><strong>JCR quartile<\/strong>: Q1<\/p>\n\n\n\n<hr class=\"wp-block-separator has-alpha-channel-opacity\"\/>\n\n\n\n<p class=\"has-large-font-size\"><strong>An integrated three-way decision methodology for sustainability of wastewater circularity in thermal power plants<\/strong><\/p>\n\n\n\n<p><strong>Authors<\/strong>: Ocampo, L., Cabigas, J., Jones, D. &amp; Labib, A.<\/p>\n\n\n\n<p><strong>Journal<\/strong>: Applied Soft Computing<\/p>\n\n\n\n<p><strong>URL<\/strong>: <a href=\"https:\/\/doi.org\/10.1016\/j.asoc.2023.111111\">https:\/\/doi.org\/10.1016\/j.asoc.2023.111111<\/a><\/p>\n\n\n\n<p><strong>JCR quartile<\/strong>: Q1<\/p>\n\n\n\n<hr class=\"wp-block-separator has-alpha-channel-opacity\"\/>\n\n\n\n<p class=\"has-large-font-size\"><strong>The impact of Romania&#8217;s accession to the EU on foreign trade with agri-food products<\/strong><\/p>\n\n\n\n<p><strong>Authors<\/strong>: Andrei, T., Oancea, B., Mirica, A. &amp; Stoica, I.E.<\/p>\n\n\n\n<p><strong>Journal<\/strong>: Romanian Statistical Review<\/p>\n\n\n\n<p><strong>URL<\/strong>: <a href=\"https:\/\/www.revistadestatistica.ro\/2023\/11\/the-impact-of-romanias-accession-to-the-eu-on-foreign-trade-with-agri-food-products\/\">https:\/\/www.revistadestatistica.ro\/2023\/11\/the-impact-of-romanias-accession-to-the-eu-on-foreign-trade-with-agri-food-products\/<\/a><\/p>\n\n\n\n<p><strong>JCR quartile<\/strong>: BDI<\/p>\n\n\n\n<hr class=\"wp-block-separator has-alpha-channel-opacity\"\/>\n\n\n\n<p class=\"has-large-font-size\"><strong>Taguchi Risk and Process Capability<\/strong><\/p>\n\n\n\n<p><strong>Authors<\/strong>: Isaic-Maniu, A., Dragan, I. M., Grigore, A. M., &amp; Constantin, F.<\/p>\n\n\n\n<p><strong>Journal<\/strong>: Risks<\/p>\n\n\n\n<p><strong>URL<\/strong>: <a href=\"https:\/\/doi.org\/10.3390\/risks11100178\">https:\/\/doi.org\/10.3390\/risks11100178<\/a><\/p>\n\n\n\n<p><strong>JCR quartile<\/strong>: Q2<\/p>\n\n\n\n<hr class=\"wp-block-separator has-alpha-channel-opacity\"\/>\n\n\n\n<p class=\"has-large-font-size\"><strong>Alpha Distribution and the Economic Resilience System<\/strong><\/p>\n\n\n\n<p><strong>Authors<\/strong>: Isaic-Maniu, A., Dragan, I. M., Gogu, E., &amp; Constantin, F.<\/p>\n\n\n\n<p><strong>Journal<\/strong>: Romanian Statistical Review<\/p>\n\n\n\n<p><strong>URL<\/strong>: <a href=\"https:\/\/www.revistadestatistica.ro\/2023\/11\/alpha-distribution-and-the-economic-resilience-system\/\">https:\/\/www.revistadestatistica.ro\/2023\/11\/alpha-distribution-and-the-economic-resilience-system\/<\/a><\/p>\n\n\n\n<p><strong>JCR quartile<\/strong>: BDI<\/p>\n\n\n\n<hr class=\"wp-block-separator has-alpha-channel-opacity\" style=\"margin-top:var(--wp--preset--spacing--large);margin-bottom:var(--wp--preset--spacing--large)\"\/>\n\n\n\n<p class=\"has-x-large-font-size\"><strong>Period: July-September 2023<\/strong><\/p>\n\n\n\n<p class=\"has-large-font-size\"><strong>Forecasting EUA Futures Volatility with Geopolitical Risk: Evidence from GARCH-MIDAS Models<\/strong><\/p>\n\n\n\n<p><strong>Authors<\/strong>: Lu, H., Gao, Q., Xiao, L., Dhesi, G.<\/p>\n\n\n\n<p><strong>Journal<\/strong>: Review of Managerial Science<\/p>\n\n\n\n<p><strong>URL<\/strong>: <a href=\"https:\/\/link.springer.com\/article\/10.1007\/s11846-023-00722-0\">https:\/\/link.springer.com\/article\/10.1007\/s11846-023-00722-0<\/a><\/p>\n\n\n\n<p><strong>JCR quartile<\/strong>: Q1<\/p>\n\n\n\n<hr class=\"wp-block-separator has-alpha-channel-opacity\"\/>\n\n\n\n<p class=\"has-large-font-size\"><strong>Testing Benford and Universal laws on Gambling &amp; Betting Data in Romania<\/strong><\/p>\n\n\n\n<p><strong>Authors<\/strong>: Jianu, I., Isaic-Maniu, A., Brandas, C., Cristescu, M.P., Bente, C. and Herteliu, C.<\/p>\n\n\n\n<p><strong>Journal<\/strong>: Annals of Operations Research<\/p>\n\n\n\n<p><strong>URL<\/strong>: <a href=\"https:\/\/link.springer.com\/article\/10.1007\/s10479-023-05739-y\">https:\/\/link.springer.com\/article\/10.1007\/s10479-023-05739-y<\/a><\/p>\n\n\n\n<p><strong>JCR quartile<\/strong>: Q1<\/p>\n\n\n\n<hr class=\"wp-block-separator has-alpha-channel-opacity\"\/>\n\n\n\n<p class=\"has-large-font-size\"><strong>Taguchi Risk and Process Capability<\/strong><\/p>\n\n\n\n<p><strong>Authors<\/strong>: Isaic-Maniu, A., Dragan, I. M., Grigore, A. M., &amp; Constantin, F.<\/p>\n\n\n\n<p><strong>Journal<\/strong>: Risks<\/p>\n\n\n\n<p><strong>URL<\/strong>: <a href=\"https:\/\/doi.org\/10.3390\/risks11100178\">https:\/\/doi.org\/10.3390\/risks11100178<\/a><\/p>\n\n\n\n<p><strong>JCR quartile<\/strong>: ESCI<\/p>\n","protected":false},"excerpt":{"rendered":"<p>Period: April-June 2025 Ethnic Diversity in Romania. A 20th and 21st Centuries Censuses\u2019 Data Analysis Authors: Marius GIUCLEA, Daniel TEODORESCU, Andreea MIRIC\u0102, Andrei P\u00c2RVAN, Ruxandra NOICA, Agnos Millian HER\u021aELIU Journal: Economic Computation and Economic Cybernetics Studies and Research URL: https:\/\/ecocyb.ase.ro\/nr2025_2\/2_MariusGiuclea_DanielTeodorescu.pdf DOI: 10.24818\/18423264\/59.2.25.02 JCR quartile: Q3 Period: January-March 2025 Multiple Sustainability Criteria Mapping of Gas Station [&hellip;]<\/p>\n","protected":false},"author":1,"featured_media":0,"parent":0,"menu_order":0,"comment_status":"closed","ping_status":"closed","template":"","meta":{"footnotes":""},"class_list":["post-52","page","type-page","status-publish","hentry"],"_links":{"self":[{"href":"https:\/\/hazards.ase.ro\/index.php?rest_route=\/wp\/v2\/pages\/52","targetHints":{"allow":["GET"]}}],"collection":[{"href":"https:\/\/hazards.ase.ro\/index.php?rest_route=\/wp\/v2\/pages"}],"about":[{"href":"https:\/\/hazards.ase.ro\/index.php?rest_route=\/wp\/v2\/types\/page"}],"author":[{"embeddable":true,"href":"https:\/\/hazards.ase.ro\/index.php?rest_route=\/wp\/v2\/users\/1"}],"replies":[{"embeddable":true,"href":"https:\/\/hazards.ase.ro\/index.php?rest_route=%2Fwp%2Fv2%2Fcomments&post=52"}],"version-history":[{"count":12,"href":"https:\/\/hazards.ase.ro\/index.php?rest_route=\/wp\/v2\/pages\/52\/revisions"}],"predecessor-version":[{"id":153,"href":"https:\/\/hazards.ase.ro\/index.php?rest_route=\/wp\/v2\/pages\/52\/revisions\/153"}],"wp:attachment":[{"href":"https:\/\/hazards.ase.ro\/index.php?rest_route=%2Fwp%2Fv2%2Fmedia&parent=52"}],"curies":[{"name":"wp","href":"https:\/\/api.w.org\/{rel}","templated":true}]}}